ens digit of d?
8
Suppose -3*n + 5*a + 25 = -15, 8 = -4*a. Suppose -5*w = -0*w - n. What is the units digit of w?
2
Let m = -2319 - -3454. What is the thousands digit of m?
1
Suppose -2*w - 4*h + 30 + 88 = 0, 0 = -w - 4*h + 67. What is the tens digit of w?
5
Let f(a) be the second derivative of -3*a**5/20 + a**4/12 - a**3/2 + a**2/2 - 9*a. Let z be f(-3). Suppose k - z = -3*k. What is the units digit of k?
5
Suppose -4*s - d + 37 = 0, 5*s = 10*s - d - 53. What is the tens digit of s?
1
Suppose 216 = 2*w - 126. What is the tens digit of w?
7
Let h be 36/84 - (11/(-7) + 0). Suppose h*u - 162 = 26. What is the tens digit of u?
9
Suppose -2*z + 0 = -3*g - 38, 4*z - g - 66 = 0. Suppose -h - 4 = -7. Suppose 38 + z = h*y. What is the units digit of y?
8
Let r(s) = -4*s**2 - 6*s - 2. Let b be r(-4). Let y = 50 + b. What is the units digit of y?
8
Suppose 4*j - 4*b - 220 = 0, -5*j = -j + b - 245. What is the units digit of j?
0
Let l = -7 + -7. Suppose -8*g + 80 = -4*g. Let q = l + g. What is the units digit of q?
6
Suppose i = -3*i + 2*u + 4, -5*i + 4 = -2*u. What is the tens digit of 31/(1 - i/(-1))?
3
Suppose -5*m = h - 715, -4*h - 3*m + 1303 = -1557. What is the tens digit of h?
1
What is the units digit of (2 - (-1547 + 6)) + 10?
3
Let u = -2041 + 3462. What is the hundreds digit of u?
4
Suppose 33*m - 32*m - 2078 = 0. What is the hundreds digit of m?
0
Let f(n) = 2*n**2 + 4*n + 3. Let o be f(-2). What is the tens digit of o/((-3)/(-4))*(-912)/(-64)?
5
Suppose -3*h + 6 = -6*h. Let c be h + (-5 - 9/(-3)). What is the tens digit of c/(-22) + 7633/187?
4
Let i = 2240 + -616. What is the tens digit of i?
2
Let m = 19 + -3. Let a be (-12)/(-30) + m/10. Suppose 5*o = -3*i + 71, -a*i = -5*i - 9. What is the tens digit of o?
1
Let x = -50 + 52. Suppose -228 = -x*p - 52. What is the units digit of p?
8
Let o = 83 - 58. Suppose 0 = -j + 5*g - 0*g + o, -2*g = -5*j + 125. What is the tens digit of j?
2
Suppose -4*f + 17 = -2*x + 5*x, -3*x + 2*f + 5 = 0. Suppose -4*v - x*a + 92 = 0, 129 = 4*v - a + 37. What is the tens digit of v?
2
Let u = 94 - 89. Let h = 39 + u. What is the tens digit of h?
4
Let j(w) = -w**3 - 6*w**2 + 6*w - 3. Let l be j(-7). Suppose 0 = -5*s + 20, -2*n - 22 = -0*n - l*s. Let b = 7 + n. What is the units digit of b?
4
What is the tens digit of 0/(-3) + (5/5 - -1236)?
3
Let r be ((-4)/(-6))/((-11)/(-3) - 4). What is the tens digit of r/3 - (-688)/24?
2
Let h(g) = 397*g - 15. What is the hundreds digit of h(1)?
3
Let x be -4*3/(12/(-10)). Let q(u) = -u**3 + 9*u**2 + 10*u + 4. Let c be q(x). What is the tens digit of c - 2 - (-6 + -9)?
1
Suppose 16 = -2*x - 4*j + 2*j, -3*j + 12 = -3*x. What is the units digit of (-41)/((x/(-9))/((-4)/6))?
1
Suppose -61 + 11 = -10*w. Let g(m) = 2*m**2 + 3*m + 3. Let v(j) = 5*j**2 + 7*j + 5. Let r(y) = -9*g(y) + 4*v(y). What is the units digit of r(w)?
8
Suppose -7*s + 4 - 11 = 0. What is the units digit of 17 + 0 + (1 - s)?
9
Let h(s) = -s + 2. Let k be h(0). Suppose -k*l - 5*l = -168. What is the units digit of l?
4
Suppose 4 = 5*o - 11. Let t = o - -2. Suppose 4*d - n - 93 = 0, -t*d + 37 = -5*n - 83. What is the units digit of d?
3
Let z(n) = 8*n**2 + n + 2. Let l be z(6). Let m be l/(-12)*6/(-4). Suppose -m + 93 = 4*s. What is the units digit of s?
4
Let s(h) = 69*h - 423. What is the hundreds digit of s(42)?
4
Let s(u) = u + 11. Let f be s(-11). Suppose -3*t = d - 60, -276 = -f*d - 4*d - 3*t. Suppose -2*i + d = 2*i. What is the tens digit of i?
1
Let d = 6543 - 3124. What is the hundreds digit of d?
4
Let n = -13 - -17. Let m(t) = -1. Let s(b) = -10*b + 2. Let z(d) = m(d) - s(d). What is the tens digit of z(n)?
3
Let n(y) = 11*y**2 + 119*y + 497. What is the tens digit of n(-4)?
9
Suppose 0 = -g + q - 18, 3*q - 5 = 7. What is the units digit of 16/56 - 318/g?
3
Let j(i) be the first derivative of -11*i**3/3 - 3*i**2/2 + 5*i - 3. Let u be j(2). Let g = -2 - u. What is the units digit of g?
3
Suppose -12 = a + 5*g, 12 = -2*a - 5*g + g. Let o(j) = -59*j - 12. What is the units digit of o(a)?
6
Let u(w) = -w**3 - 3*w**2 + 5*w - 3. Let v be u(-4). Let b(m) = m**3 + 7*m**2 - 4*m - 3. Let q be b(v). Suppose 0 = -3*d + 20 + q. What is the units digit of d?
5
Let i(u) = -u**2 - 8*u + 10. Let c(b) = -3*b - b**2 + 2*b - 7*b. Let m be c(-9). What is the units digit of i(m)?
1
Let j be 0*(2 - 1)*(0 - -1). Suppose j*i + i = -2*p + 120, 3*i - p = 332. What is the units digit of i?
2
Suppose 0 = -0*o + 5*o - 25, 4*o = -4*g + 32. What is the tens digit of (-7)/(42/(-136))*g?
6
Let j(d) = -2*d - 17. Let h be j(-11). Suppose -4*z - 128 = -3*a + a, -h*a + z + 347 = 0. What is the tens digit of a?
7
Let v(x) = x**2 - 2*x - 12. Let o be v(-5). Let s(y) = -y**3 + 23*y**2 + 4*y - 45. What is the tens digit of s(o)?
4
Let j = -157 + 769. What is the hundreds digit of j?
6
Suppose -2*s = -6*f + 2*f - 6, -4*s + 18 = -2*f. Suppose 9*t - 4*t = -h, -2*t = -s*h. Let b(q) = q**3 - q + 26. What is the units digit of b(t)?
6
Suppose -5*z + 4*z = -3. Suppose 0*p + 4*p + 4 = -4*u, 4*u + z*p = 0. What is the units digit of u?
3
Suppose 0 = 3*k - 17 - 16. Suppose 0 = -2*a - 3 - k. Let y = a - -15. What is the units digit of y?
8
Let m(z) = -2*z**3 + 2*z + 2. Let n(c) = 3*c. Let o be n(2). Let d be (-3 + o)/((-3)/2). What is the units digit of m(d)?
4
Suppose 3282 = 2*w + 3*i + i, -5*i + 3279 = 2*w. Suppose 12*g - 537 - w = 0. What is the tens digit of g?
8
Let t(h) be the first derivative of h**3/3 + 2*h**2 - 10*h + 5. Let s be t(-6). Suppose -4*f = 5*u - 27, 8 = s*u + 2*f - 4. What is the units digit of u?
3
Let j = 23 - 9. Suppose -56 = -3*f - j. Suppose 0 = a - 2*a - 3*m + f, -m + 28 = 5*a. What is the units digit of a?
5
Let b = 167 - 96. Suppose -166 - b = -z. What is the units digit of z?
7
Let i be (80/100)/((-2)/(-425)). Suppose 2*h - 5*h = -v + i, 5*v - 860 = 5*h. What is the hundreds digit of v?
1
Suppose 0 = -2*j - 4*i + 50, -2*i + i - 25 = -2*j. Let t(m) = 3*m + 2. Let q(g) = -g + 1. Let y(a) = -6*q(a) - t(a). What is the units digit of y(j)?
7
Let x(j) = 2 + 2*j + 4 - 4*j + 0. Suppose 2*m = -2*z + 3*m - 38, -4*z + m = 72. What is the tens digit of x(z)?
4
Let x(h) = 2*h**3 - 6*h**2 + 4*h - 16. What is the tens digit of x(6)?
2
Suppose 0 = 5*g - 0 - 5, -2*g = 2*s - 6. Suppose l = 5 - s. Suppose 0 = -3*a + l*v + 24, 2*a - 12 = v - 3*v. What is the units digit of a?
7
What is the tens digit of (7 + -1)*((-9908)/(-3))/4?
5
Suppose -5*x = 10 + 10. Let h(t) = t**3 + 3*t**2 - 5*t - 1. Let k be h(x). Suppose -k*p = n - 81, -4*n = 3*p - 36 - 45. What is the units digit of p?
7
Suppose -1296 = -33*g + 30*g. What is the tens digit of g?
3
Let b(r) = 54*r**2 + 15*r + 32. What is the tens digit of b(-7)?
7
Suppose -29 + 26 = c. What is the units digit of -6 - -6 - 12/c?
4
Let p(r) = 2*r**2 - 10*r - 342. What is the tens digit of p(-32)?
2
Let x be (-1)/(135/(-66) + 2). Let y be x/(-33) + 56/3. What is the units digit of (-174)/(-54) - 4/y?
3
Suppose 192 = -3*d + 516. Suppose -j + 5*g = -67 - 37, 4*g + d = j. What is the tens digit of j?
2
Let l(j) = j**3 - 4*j**2 + 3*j - 8. Let d be l(4). Suppose 3*s - 440 = -5*p - 2*s, d*s = -8. What is the tens digit of p?
9
Let t(b) = 2017*b - 99. What is the units digit of t(2)?
5
Let p(j) = 40*j + 2. Let v = 8 - 2. Let q be p(v). What is the tens digit of 4/(-14) - q/(-14)?
1
Let k = 322 - -415. What is the hundreds digit of k?
7
Let n(f) = -50*f - 509. What is the tens digit of n(-18)?
9
Suppose 22*u - 321 = 3419. What is the units digit of u?
0
Let f = 1883 + 378. What is the tens digit of f?
6
Suppose 0 = -2*c - 3 - 3. Let q be (-8)/c + 4/3. Let r(b) = b**2 + 3*b + 5. What is the units digit of r(q)?
3
Let k be -2*(-13 - -3 - 3). Suppose k = 3*t - 97. What is the tens digit of t?
4
Suppose -2998 = -13*f + 213. What is the hundreds digit of f?
2
Let i = -26 + 26. Suppose i = 3*p - 35 - 7. What is the tens digit of p?
1
Let r(u) = -19*u - 13. Let s = -39 - -36. What is the tens digit of r(s)?
4
Suppose 4*p - 38 = 70. Suppose 2*j - p = 3*m, -m - 32 = -5*j + 3. Suppose -4*w - 8 - j = n, 0 = 2*n + 4*w + 12. What is the units digit of n?
2
Let j = 40 + -36. What is the units digit of 485/(-30)*-3 + (-2)/j?
8
Let h = -5 - -1. Let b(r) = -2*r**3 - 2*r**2 + 9*r - 3. What is the tens digit of b(h)?
5
Let s